Is 293110033 composite?
False
Is 65910424115 a prime number?
False
Is 1769852215 a prime number?
False
Is 693178457 composite?
False
Is 44722571 a composite number?
True
Is 10191854983 composite?
False
Is 504534133 composite?
False
Is 5809188571 composite?
False
Is 75360532739 a composite number?
False
Is 2245923287 prime?
False
Is 308707585 a composite number?
True
Is 93953204753 composite?
False
Is 3709907 a prime number?
True
Is 11871673703 a composite number?
False
Is 7659909121 a prime number?
False
Is 867373613 prime?
True
Is 27655004411 a prime number?
True
Is 848207783 composite?
True
Is 9444028501 prime?
False
Is 14116381267 a prime number?
True
Is 10885046173 a prime number?
False
Is 2629620039 composite?
True
Is 70095232561 a prime number?
False
Is 10183718483 composite?
False
Is 867052271 a composite number?
False
Is 1951261321 composite?
True
Is 142610794483 prime?
False
Is 862815071 composite?
True
Is 4809374602 a prime number?
False
Is 1633440671 a prime number?
True
Is 4082658973 composite?
False
Is 23277643 composite?
True
Is 5915860967 a prime number?
True
Is 6123522913 composite?
False
Is 70075429339 prime?
False
Is 92609399 composite?
False
Is 52016305031 a composite number?
False
Is 42106073749 a composite number?
False
Is 11118803357 a prime number?
True
Is 37322117291 composite?
True
Is 125212949 a composite number?
False
Is 1047349489 a composite number?
False
Is 681126689 a composite number?
False
Is 24618778883 a prime number?
True
Is 50091779393 a prime number?
True
Is 249634424861 composite?
True
Is 868438157 a composite number?
False
Is 36225211091 a composite number?
False
Is 9367604143 prime?
False
Is 132443160449 a prime number?
False
Is 3055688177 a prime number?
True
Is 655377683 a prime number?
False
Is 6875187794 a prime number?
False
Is 72875615777 a composite number?
True
Is 366162278 a prime number?
False
Is 608597573 prime?
False
Is 15027943361 prime?
True
Is 109104985961 composite?
False
Is 4962962297 prime?
True
Is 2828203841 prime?
False
Is 520952203 prime?
False
Is 1265592281 a composite number?
False
Is 4784685491 prime?
False
Is 885985559 prime?
False
Is 434761153 composite?
False
Is 193511480579 prime?
True
Is 12167449769 a prime number?
True
Is 216689533 composite?
False
Is 1053932273 composite?
True
Is 11022329293 composite?
False
Is 388972847 prime?
False
Is 2572051553 prime?
False
Is 46348208147 a prime number?
False
Is 105261484477 prime?
False
Is 412919009 prime?
False
Is 14531256959 a prime number?
True
Is 99434541683 composite?
True
Is 53129341189 a composite number?
False
Is 174449767 a composite number?
True
Is 1278747793 a prime number?
True
Is 419343047 prime?
True
Is 51720030959 a composite number?
False
Is 77129478649 composite?
False
Is 6821558911 prime?
True
Is 34287289 composite?
True
Is 25057861403 a prime number?
True
Is 16337572469 a prime number?
False
Is 363578867 a composite number?
True
Is 60419116049 a composite number?
True
Is 1106115161 composite?
True
Is 7428948619 composite?
True
Is 72597802603 composite?
True
Is 71463630499 composite?
False
Is 12085665499 a prime number?
True
Is 428422207 a prime number?
False
Is 11691350579 a prime number?
False
Is 59345487463 prime?
True
Is 1433019647 a composite number?
False
Is 1234561137 composite?
True
Is 26414816074 composite?
True
Is 7016468645 a prime number?
False
Is 15880605847 composite?
True
Is 24788622329 a prime number?
False
Is 2256619921 prime?
False
Is 2247634929 composite?
True
Is 1486683997 a composite number?
False
Is 434583001 a composite number?
False
Is 1693474751 a composite number?
True
Is 23103137479 a composite number?
True
Is 39662583617 prime?
False
Is 1105875461 composite?
False
Is 37466772877 prime?
False
Is 13953556189 a prime number?
False
Is 374120009 a prime number?
False
Is 193974043 composite?
False
Is 2105616997 a prime number?
False
Is 2054543683 a prime number?
False
Is 382016767 a composite number?
True
Is 8950727761 a prime number?
False
Is 2058146135 composite?
True
Is 1038169441 a composite number?
False
Is 39699332929 a prime number?
False
Is 26816289877 a composite number?
True
Is 8991268909 prime?
False
Is 11346862243 composite?
False
Is 7613814709 a composite number?
True
Is 5935302407 a composite number?
False
Is 3999795703 prime?
False
Is 465488519 composite?
True
Is 35181414293 prime?
False
Is 4987980737 prime?
True
Is 100366762 prime?
False
Is 7576972657 prime?
False
Is 16131074149 composite?
True
Is 30374392861 composite?
False
Is 15033991037 a prime number?
False
Is 33939093179 a composite number?
True
Is 6767048801 a prime number?
True
Is 11648787289 a prime number?
True
Is 23209588289 composite?
False
Is 3342718433 a composite number?
False
Is 11238251 composite?
True
Is 1911044261 composite?
True
Is 70484348531 composite?
True
Is 114883103891 composite?
True
Is 140934054221 composite?
False
Is 34861833073 composite?
False
Is 15700966079 prime?
False
Is 1889989733 prime?
True
Is 11308628843 prime?
True
Is 3653466353 a prime number?
False
Is 8683058597 a prime number?
False
Is 3360608038 prime?
False
Is 1113505871 a prime number?
True
Is 90254099707 composite?
False
Is 8793452971 a prime number?
False
Is 6547571749 prime?
True
Is 20190762919 a prime number?
False
Is 5361360863 a prime number?
True
Is 125829709739 a prime number?
True
Is 2117382199 a prime number?
False
Is 435428656415 composite?
True
Is 7558066147 prime?
True
Is 16676524381 composite?
True
Is 6467691553 a composite number?
False
Is 1678318007 a prime number?
True
Is 24184615723 prime?
True
Is 1514036681 composite?
False
Is 4007789737 prime?
False
Is 106904034379 prime?
True
Is 510082147 composite?
False
Is 182470919 a composite number?
False
Is 199581259 a composite number?
False
Is 26469799483 composite?
False
Is 493348241 composite?
True
Is 23939883211 prime?
True
Is 181344329 a composite number?
False
Is 745800479 a prime number?
True
Is 530501431 a prime number?
False
Is 1637080031 a composite number?
False
Is 752151061 a composite number?
False
Is 274155757 prime?
False
Is 526430423 a prime number?
False
Is 459750433 prime?
False
Is 13607978489 composite?
True
Is 6498526817 composite?
False
Is 2277774179 prime?
True
Is 2742324163 prime?
False
Is 50499592771 prime?
False
Is 1556662181 a composite number?
False
Is 37709458139 a composite number?
True
Is 765111647 a composite number?
False
Is 2375562206 composite?
True
Is 6463952983 a prime number?
True
Is 117453245009 composite?
True
Is 538003663 prime?
True
Is 492604727 a composite number?
False
Is 724579162 prime?
False
Is 2847422543 composite?
True
Is 22661934187 composite?
False
Is 4717515361 composite?
True
Is 55924372307 composite?
False
Is 12779096479 a prime number?
True
Is 23594132561 a composite number?
False
Is 2727178511 a prime number?
False
Is 20737872703 a prime number?
True
Is 1716307469 prime?
False
Is 1209115889 a composite number?
False
Is 841081487 a prime number?
False
Is 162781979 composite?
True
Is 19998785281 composite?
False
Is 6003834253 a prime number?
False
Is 1102255369 a composite number?
False
Is 84924601061 a prime number?
True
Is 1094045809 composite?
True
Is 109782701185 a prime number?
False
Is 773674957 a composite number?
True
Is 345219077 prime?
False
Is 3739636357 prime?
False
Is 100424447 composite?
True
Is 5450143799 a composite number?
False
Is 552833839 composite?
False
Is 9369801817 composite?
False
Is 1400514053 prime?
True
Is 29967876299 a prime number?
True
Is 779354831 prime?
True
Is 14224328717 prime?
False
Is 413805367 composite?
False
Is 999588739 prime?
True
Is 4612504389 composite?
True
Is 447568591 prime?
True
Is 80054228179 prime?
False
Is 336027313 a composite number?
False
Is 2989861529 a prime number?
True
Is 877022273 prime?
False
Is 393994057 a prime number?
False
Is 1974031627 a composite number?
True
Is 3428890261 composite?
True
Is 54710599 composite?
False
Is 20955732557 composite?
False
Is 34874037001 composite?
True
Is 2982849301 prime?
True
Is 647649687 a composite number?
True
Is 29527756097 prime?
False
Is 1322267449 a prime number?
True
Is 2134657697 a composite number?
False
Is 17978291753 a prime number?
True
Is 212822789 a prime number?
True
Is 7654503785 a prime number?
False
Is 100